9?
1
What is the tens digit of 887?
8
What is the units digit of 30512?
2
What is the hundreds digit of 149?
1
What is the thousands digit of 129178?
9
What is the thousands digit of 11304?
1
What is the tens digit of 3699?
9
What is the ten thousands digit of 33620?
3
What is the hundreds digit of 4418?
4
What is the hundreds digit of 603?
6
What is the tens digit of 966?
6
What is the units digit of 12713?
3
What is the tens digit of 12350?
5
What is the units digit of 1239?
9
What is the tens digit of 4989?
8
What is the ten thousands digit of 10997?
1
What is the hundreds digit of 4000?
0
What is the tens digit of 135639?
3
What is the thousands digit of 6299?
6
What is the thousands digit of 3854?
3
What is the hundreds digit of 111?
1
What is the hundreds digit of 4149?
1
What is the units digit of 10275?
5
What is the thousands digit of 4501?
4
What is the tens digit of 668?
6
What is the hundreds digit of 465?
4
What is the units digit of 565?
5
What is the hundreds digit of 24116?
1
What is the units digit of 1072?
2
What is the tens digit of 25?
2
What is the thousands digit of 21031?
1
What is the units digit of 2332?
2
What is the hundreds digit of 26262?
2
What is the thousands digit of 3550?
3
What is the hundreds digit of 80530?
5
What is the ten thousands digit of 13174?
1
What is the units digit of 109412?
2
What is the thousands digit of 7163?
7
What is the hundreds digit of 753?
7
What is the tens digit of 1666?
6
What is the units digit of 357?
7
What is the ten thousands digit of 31833?
3
What is the tens digit of 20035?
3
What is the tens digit of 4024?
2
What is the hundred thousands digit of 169437?
1
What is the units digit of 8155?
5
What is the hundreds digit of 6326?
3
What is the tens digit of 53106?
0
What is the tens digit of 554?
5
What is the hundreds digit of 192?
1
What is the thousands digit of 30260?
0
What is the tens digit of 86358?
5
What is the units digit of 869?
9
What is the tens digit of 7264?
6
What is the tens digit of 14959?
5
What is the thousands digit of 1427?
1
What is the hundreds digit of 4552?
5
What is the units digit of 3880?
0
What is the hundreds digit of 1598?
5
What is the units digit of 133?
3
What is the hundreds digit of 239?
2
What is the units digit of 533?
3
What is the hundreds digit of 6543?
5
What is the tens digit of 10524?
2
What is the thousands digit of 2685?
2
What is the units digit of 957?
7
What is the tens digit of 1698?
9
What is the hundreds digit of 1055?
0
What is the units digit of 548?
8
What is the thousands digit of 2280?
2
What is the units digit of 126641?
1
What is the hundreds digit of 8831?
8
What is the tens digit of 8033?
3
What is the units digit of 68318?
8
What is the tens digit of 182?
8
What is the thousands digit of 4439?
4
What is the thousands digit of 1762?
1
What is the tens digit of 3753?
5
What is the tens digit of 503?
0
What is the ten thousands digit of 69326?
6
What is the tens digit of 68668?
6
What is the units digit of 126441?
1
What is the tens digit of 23066?
6
What is the tens digit of 5027?
2
What is the units digit of 4367?
7
What is the hundreds digit of 6609?
6
What is the ten thousands digit of 47021?
4
What is the tens digit of 365?
6
What is the hundreds digit of 77244?
2
What is the units digit of 1442?
2
What is the tens digit of 709?
0
What is the thousands digit of 3961?
3
What is the hundreds digit of 134979?
9
What is the tens digit of 21402?
0
What is the units digit of 1277?
7
What is the hundreds digit of 5550?
5
What is the tens digit of 38508?
0
What is the hundreds digit of 6344?
3
What is the hundreds digit of 1222?
2
What is the hundred thousands digit of 118778?
1
What is the tens digit of 6583?
8
What is the ten thousands digit of 10193?
1
What is the hundreds digit of 8787?
7
What is the tens digit of 2678?
7
What is the hundreds digit of 109?
1
What is the hundreds digit of 1066?
0
What is the hundreds digit of 599?
5
What is the thousands digit of 1878?
1
What is the units digit of 2264?
4
What is the units digit of 496?
6
What is the hundreds digit of 15463?
4
What is the tens digit of 838?
3
What is the tens digit of 1419?
1
What is the hundreds digit of 60857?
8
What is the hundreds digit of 1360?
3
What is the hundreds digit of 1468?
4
What is the tens digit of 496?
9
What is the thousands digit of 1090?
1
What is the hundreds digit of 27205?
2
What is the thousands digit of 27346?
7
What is the hundreds digit of 112967?
9
What is the tens digit of 1970?
7
What is the tens digit of 22344?
4
What is the thousands digit of 24550?
4
What is the units digit of 16701?
1
What is the units digit of 22?
2
What is the hundreds digit of 6655?
6
What is the tens digit of 286?
8
What is the units digit of 6919?
9
What is the units digit of 802?
2
What is the units digit of 1229?
9
What is the tens digit of 1708?
0
What is the units digit of 27610?
0
What is the hundreds digit of 1357?
3
What is the units digit of 3304?
4
What is the units digit of 2342?
2
What is the thousands digit of 16429?
6
What is the hundreds digit of 12061?
0
What is the units digit of 1449?
9
What is the thousands digit of 5246?
5
What is the units digit of 890?
0
What is the units digit of 1420?
0
What is the ten thousands digit of 58913?
5
What is the ten thousands digit of 70986?
7
What is the tens digit of 29084?
8
What is the tens digit of 702?
0
What is the units digit of 22160?
0
What is the ten thousands digit of 68309?
6
What is the tens digit of 53268?
6
What is the tens digit of 75088?
8
What is the hundred thousands digit of 135273?
1
What is the tens digit of 315?
1
What is the tens digit of 33316?
1
What is the units digit of 60?
0
What is the tens digit of 1701?
0
What is the thousands digit of 3945?
3
What is the hundreds digit of 5995?
9
What is the hundreds digit of 10874?
8
What is the tens digit of 868?
6
What is the tens digit of 62?
6
What is the tens digit of 25569?
6
What is the thousands digit of 8008?
8
What is the hundreds digit of 1657?
6
What is the tens digit of 55?
5
What is the hundreds digit of 1209?
2
What is the hundreds digit of 1513?
5
What is the units digit of 4969?
9
What is the thousands digit of 8972?
8
What is the hundreds digit of 81683?
6
What is the hundreds digit of 135?
1
What is the hundreds digit of 756?
7
What is the tens digit of 1058?
5
What is the hundreds digit of 521?
5
What is the units digit of 36746?
6
What is the thousands digit of 10135?
0
What is the hundreds digit of 770?
7
What is the tens digit of 3827?
2
What is the ten thousands digit of 15026?
1
What is the thousands digit of 1164?
1
What is the ten thousands digit of 24428?
2
What is the tens digit of 8858?
5
What is the tens digit of 955?
5
What is the thousands digit of 56966?
6
What is the thousands digit of 3654?
3
What is the units digit of 5949?
9
What is the thousands digit of 5734?
5
What is the tens digit of 37841?
4
What is the ten thousands digit of 11925?
1
What is the ten thousands digit of 26759?
2
What is the tens digit of 744?
4
What is the units digit of 7141?
1
What is the thousands digit of 18859?
8
What is the units digit of 12308?
8
What is the thousands digit of 8173?
8
What is the hundreds digit of 1929?
9
What is the units digit of 154?
4
What is the hundreds digit of 213?
2
What is the hundreds digit of 3814?
8
What is the hundreds digit of 2649?
6
What is the units digit of 84106?
6
What is the thousands digit of 3660?
3
What is the hundreds digit of 3418?
4
What is the thousands digit of 1636?
1
What is the units digit of 11451?
1
What is the hundred thousands digit of 102477?
1
What is the hundreds digit of 853?
8
What is the thousands digit of 5896?
5
What is the tens digit of 120311?
1
What is the thousands digit of 6601?
6
What is the units digit of 7453?
3
What is the thousands digit of 30801?
0
What is the thousands digit of 4794?
4
What is the hundreds digit of 1362?
3
What is the units digit of 1130?
0
What is the ten thousands digit of 41555?
4
What is the units digit of 4053?
3
What is the thousands digit of 34923?
4
What is the hundreds digit of 996?
9
What is the hundreds digit of 2502?
5
What is the units digit of 234?
4
What is the units digit of 18469?
9
What is the hundred